*u - 4*k, -8 = -k - 7. Let p = u - -192. List the prime factors of p.
2, 3, 5, 7
Let n(g) = 2. Let j(o) = 2*o**2 + o - 12. Let p(k) = j(k) + 6*n(k). List the prime factors of p(3).
3, 7
Suppose 4*n - 1956 = -41*g + 37*g, -1936 = -4*n + g. What are the prime factors of n?
5, 97
Let i = 6095 - 3165. List the prime factors of i.
2, 5, 293
List the prime factors of (753 + 1)*(-88 + 89).
2, 13, 29
Let i(d) = d**2 + 5*d + 6. Let y be i(-3). Suppose 4*g + 5*r - 25 = y, 0*r + 1 = r. Suppose 0 = -0*m + g*m - 175. What are the prime factors of m?
5, 7
Suppose 3*x - 9 = 0, 2*x - 6*x = u + 106. Let m = 240 + u. What are the prime factors of m?
2, 61
Let r(v) = -v**2 - 3*v + 14. Let s be r(-7). List the prime factors of (1 + -2 - s) + 0.
13
List the prime factors of (2814/56)/(12/(-272)*-1).
17, 67
Let f = 7 - 4. Suppose -b + 62 = f*j - 6, 5*j + 92 = 2*b. Suppose -3*r + r + b = 0. List the prime factors of r.
2, 7
Let k(v) = 96*v**2 - 3*v - 4. Suppose 4*r + 2 = -l, 0 = 4*r - r + l + 1. What are the prime factors of k(r)?
5, 19
Let u(r) = 243*r**3 + 2*r**2 + 18*r - 38. What are the prime factors of u(2)?
2, 3, 5, 13
Suppose -8*x - 30456 = -17*x. List the prime factors of x.
2, 3, 47
Let d(i) = i**2 + 12*i + 39. Let p be d(-6). Suppose -p*g = 3*w - 414, -5*w - 4*g + 665 + 23 = 0. List the prime factors of w.
2, 17
Suppose -6*p + 292 = -2420. What are the prime factors of p?
2, 113
Let a = 10 + -4. Let z(x) = 4*x**2 + 4*x - 13. Let v(f) = 2*f**2 + 2*f - 7. Let b(o) = a*z(o) - 11*v(o). What are the prime factors of b(-4)?
23
Let i(j) = j**2 + 4*j - 4. Let a be i(-5). Suppose -q = -p - 0*p, 3*q + a = 2*p. Let s = 10 + q. What are the prime factors of s?
3
Let h be (10 + -1)*(-20)/60. List the prime factors of 22 - 19 - 30*h.
3, 31
Let y(f) = f**3 - f**2 - 4*f + 3. Let z be y(2). List the prime factors of (z/3)/(2/(-42)).
7
Suppose -4*h = 3 - 19. Let g be 848/(-28) - h/(-14). Let x = g + 43. List the prime factors of x.
13
Let p be 0*(-2)/6*1. Suppose p = -5*i - f + 356, -4*i + 334 - 51 = -f. What are the prime factors of i?
71
Let r be (-3)/(-2 + (-20)/(-12)). Suppose -3*q - 9 = -3*k, 10 = -5*q + k - r. What are the prime factors of (2 + q)*(-60)/8?
3, 5
Suppose 4*s + t - 7 = 0, 0*s - 5*s + 13 = -3*t. Suppose 5*z - 29 = n + 14, 0 = s*z + n - 13. List the prime factors of z.
2
Let d(m) = m**2 + 39*m + 179. Let u be d(-36). Suppose 0 = -5*h - 0*h - 10. List the prime factors of (8 - 7)*(u - h).
73
What are the prime factors of (-18)/(-171) + (-97956)/(-76)?
1289
Suppose 0 = 3*u - 5*u + 98. Let v = -28 + u. What are the prime factors of v?
3, 7
Suppose 5*f + 3*w - 17195 = 7*w, -2*f = -3*w - 6878. List the prime factors of f.
19, 181
Let g = -377 - -505. List the prime factors of g.
2
Suppose m - 612 = 480. List the prime factors of m.
2, 3, 7, 13
Suppose 0 = 7*a - 8560 - 5524. List the prime factors of a.
2, 503
Let h(o) = 1005*o**2 - 9*o + 5. What are the prime factors of h(1)?
7, 11, 13
Let b(c) = 34*c - 38. Let i be b(7). Suppose -4*j - i = -8*j. What are the prime factors of j?
2, 5
Suppose -5*l - 129 = -4*o, 4*l = o + 2*o - 97. Suppose -5*z + 19 = -o. Let v = 28 - z. What are the prime factors of v?
2, 3
Suppose -109 = -2*x + 581. List the prime factors of x.
3, 5, 23
Let y = 793 - 511. List the prime factors of y.
2, 3, 47
Let i(n) = -4*n**2 + 7*n**2 - 8 - 4*n - 7*n + 0. List the prime factors of i(6).
2, 17
Let y be (188/4)/((0 - 2) + 3). Let v = y + -20. What are the prime factors of v?
3
Let o be 0*((-6)/(-2))/9. Suppose o*j + 130 = -5*j. List the prime factors of (j/3)/(10/(-15)).
13
Suppose -18 = 2*c + 252. Let j be 152/6*c/(-30). List the prime factors of j/(-1*(-2 + 0)).
3, 19
Suppose 2*g + 1 = 3*g. Let i(v) = 3*v**3 - 2*v**2 + v. Let s be i(g). Suppose -5*f + s*k = -34, -1 = f - k - 9. What are the prime factors of f?
2, 3
Suppose 0 = -0*r + 2*r. Let l = 10 + r. Suppose 0 = -l*n + 14*n - 12. What are the prime factors of n?
3
Suppose 3*l - 600 = c, -39*l + 40*l + 4*c = 200. What are the prime factors of l?
2, 5
Suppose -4*i + 0*i - 60 = 0. Let h = i + 9. What are the prime factors of (-480)/(-36) - (-2)/h?
13
Let j(h) = -h**2 - 52*h - 41. List the prime factors of j(-34).
571
Let o = -18 - -20. Suppose -10 = -5*q - 5*i, -o*q + 1 = -3*i - 8. What are the prime factors of q?
3
Let i = 19 - -10. Suppose -3*g = i + 40. Let p = -18 - g. List the prime factors of p.
5
Let r(m) = -m**3 - m**2 + 37. What are the prime factors of r(0)?
37
Suppose -2*h = 9 - 27. Suppose -3*q + 3*z = h, 0 = 2*q + q + z + 25. List the prime factors of 2/(-3)*(-62 + q).
2, 23
Suppose 2*g + g = 15. Suppose 39 = -g*u + 134. Suppose 11 + u = 2*a. List the prime factors of a.
3, 5
Suppose 5*q = -20, -4*c + 2016 = 5*q + 556. Suppose -4*k = 3*a - c, -4*k - k + 116 = a. List the prime factors of a.
2, 3, 7
Let c be (-4)/(-6) - (-222)/18. Let k = 0 + c. What are the prime factors of k?
13
Suppose -4*l = -4, -5*l = 21*p - 17*p - 8709. List the prime factors of p.
2, 17
Let x = -35 + 43. Let g(i) = 3*i - 21. List the prime factors of g(x).
3
Suppose -10645 = -13*s - 1350. What are the prime factors of s?
5, 11, 13
Suppose -5*h + 4*y + 728 = -295, 2*y = -h + 199. What are the prime factors of h?
7, 29
Let v be 5/(10/6) - -2. Suppose 25 = 5*g, -5*g = v*a - 10 - 125. List the prime factors of a.
2, 11
Let u(j) = j**2 + 3*j - 5. Let s be u(-8). Let k = 119 - s. Suppose k + 0 = 3*l. What are the prime factors of l?
2, 7
Let l(u) = 806*u - 160. List the prime factors of l(3).
2, 1129
Suppose 5*m + x = 10957, -13*x + 4 = -11*x. List the prime factors of m.
7, 313
Let s = 331 - -481. List the prime factors of s.
2, 7, 29
Let q be (-6)/(3 + -2)*(-1002)/12. Let m = q - 348. List the prime factors of m.
3, 17
Let g(b) = -b + 10. Suppose 71 = 3*y + 11. Let h = -14 + y. List the prime factors of g(h).
2
Suppose 0 = 2*w - 2. Let p be w/(((-1)/4)/(-1)). Suppose -4*r - 3*l = l - 212, -2*r = -p*l - 88. List the prime factors of r.
2, 5
Let n = 3 - 6. Suppose 0 = 4*u - 2*y - 68, 5*u - 33 = 5*y + 47. Let j = u + n. List the prime factors of j.
3, 5
Let y(v) = 3*v + 15. Let c be y(-16). Let j = 192 - c. Suppose 5*x = -4*z + j, 328 = 5*z - x + 25. What are the prime factors of z?
2, 3, 5
Suppose -3*l + 30 = -0*l. What are the prime factors of l/3*54/15?
2, 3
Let y = 42 + -27. Let k be (-4)/10 + 6/y. Suppose -3*q + 63 = -w, k*w = 4*q - 3*w - 84. List the prime factors of q.
3, 7
Let y = -33 + 38. Suppose y*m - 466 = 34. What are the prime factors of m?
2, 5
Suppose -429*d = -431*d + 5366. List the prime factors of d.
2683
Let f(m) = 4*m**3 - 9*m**2 - 8*m + 121. List the prime factors of f(7).
2, 3, 83
Let i(u) be the second derivative of 5*u**3/6 - 3*u**2 - 38*u. Let n(c) = c**3 - 2*c**2 - 3*c + 4. Let g be n(3). What are the prime factors of i(g)?
2, 7
Let z(a) = -a**3 + 7*a**2 + 3*a - 8. Let o be z(7). Let h = o - 8. Let i = h + 1. What are the prime factors of i?
2, 3
Let i = 395 + -390. List the prime factors of i.
5
Suppose 2*q = 2*d - 14, 0 = -5*d - 0*q - q + 35. Suppose i + 11 = 4*s, -2*s = s - 2*i - d. List the prime factors of s.
3
Let t(f) = 71*f + 91. List the prime factors of t(7).
2, 3, 7
Let x(q) = -297*q - 418. What are the prime factors of x(-16)?
2, 11, 197
Suppose 3*c = 2*l - 23, -c + 3*c - 6 = -4*l. Suppose -j - r = 2*r - 86, -l*r = -5*j + 373. List the prime factors of j.
7, 11
Suppose -28 = -4*v + 2*v. Suppose -43 = -x + 2. Let m = x - v. List the prime factors of m.
31
Let j = -42 - -44. Suppose 2*r - 17 = x, 0*x - j*x + 29 = 5*r. What are the prime factors of r?
7
Suppose -109*l = -4*p - 112*l + 11173, 4*p + l = 11175. List the prime factors of p.
2, 11, 127
Suppose 2*i - 293 = 6183. What are the prime factors of 42/315 + i/15?
2, 3
Suppose 15 + 5 = -5*l. Let r be (-25 + -3)/l*-1. Let h = r + 15. What are the prime factors of h?
2
Suppose 3*x + 691 - 2076 = 2*q, -1847 = -4*x + 3*q. List the prime factors of x.
461
Suppose -749 = -4*a - 3*y - 263, 0 = 5*a + y - 613. Let q = a - 88. List the prime factors of q.
5, 7
Let w(g) = g + 20. Let o be w(-10). List the prime factors of -4 + (5 - 3) + o.
2
Suppose -6*b + 39 = -45. List the prime factors of (-1)/(6/(-140))*(17 - b).
2, 5, 7
List the prime factors of 2275/70*(40 - 0).
2, 5, 13
Let v(d) = -d - 1. Let k(t) = t + 4. Let n(x) = -3*k(x